{"id":6276,"date":"2024-06-22T09:17:44","date_gmt":"2024-06-22T07:17:44","guid":{"rendered":"https:\/\/securitysrl.net\/pergole_prodotti\/fulcra\/"},"modified":"2025-09-25T17:10:03","modified_gmt":"2025-09-25T15:10:03","slug":"fulcra","status":"publish","type":"pergole_prodotti","link":"https:\/\/securitysrl.net\/fr\/pergole_prodotti\/fulcra\/","title":{"rendered":"FULCRA"},"content":{"rendered":"<p>Le syst\u00e8me de couverture <b>Fulcra<\/b> est constitu\u00e9 d\u2019un <b>cadre p\u00e9riph\u00e9rique<\/b> avec goutti\u00e8res int\u00e9gr\u00e9es et lames orientables en aluminium extrud\u00e9. Facilement <b>adaptable<\/b> \u00e0 toute structure porteuse existante ou pour relier des espaces adjacents. Offre une protection contre les rayons du soleil tout en garantissant une ventilation agr\u00e9able.  <\/p>\n","protected":false},"featured_media":6274,"template":"","categories":[],"tags":[75],"class_list":["post-6276","pergole_prodotti","type-pergole_prodotti","status-publish","has-post-thumbnail","hentry","tag-bioclimatiques"],"acf":[],"_links":{"self":[{"href":"https:\/\/securitysrl.net\/fr\/wp-json\/wp\/v2\/pergole_prodotti\/6276"}],"collection":[{"href":"https:\/\/securitysrl.net\/fr\/wp-json\/wp\/v2\/pergole_prodotti"}],"about":[{"href":"https:\/\/securitysrl.net\/fr\/wp-json\/wp\/v2\/types\/pergole_prodotti"}],"wp:featuredmedia":[{"embeddable":true,"href":"https:\/\/securitysrl.net\/fr\/wp-json\/wp\/v2\/media\/6274"}],"wp:attachment":[{"href":"https:\/\/securitysrl.net\/fr\/wp-json\/wp\/v2\/media?parent=6276"}],"wp:term":[{"taxonomy":"category","embeddable":true,"href":"https:\/\/securitysrl.net\/fr\/wp-json\/wp\/v2\/categories?post=6276"},{"taxonomy":"post_tag","embeddable":true,"href":"https:\/\/securitysrl.net\/fr\/wp-json\/wp\/v2\/tags?post=6276"}],"curies":[{"name":"wp","href":"https:\/\/api.w.org\/{rel}","templated":true}]}}

<p>Le système de couverture <b>Fulcra</b> est constitué d’un <b>cadre périphérique</b> avec gouttières intégrées et lames orientables en aluminium extrudé. Facilement <b>adaptable</b> à toute structure porteuse existante ou pour relier des espaces adjacents. Offre une protection contre les rayons du soleil tout en garantissant une ventilation agréable.  </p>
